s(g) = -g**3 + 2*g**2 + 3*g - 3. Let x = 3 - -1. Let j = 7 - x. Suppose 6 = j*o - 3. What is s(o)?
-3
Let i = -45 - -47. Let k(g) be the third derivative of -g**5/15 + g**4/12 - g**2. Give k(i).
-12
Let d(j) = j**3 - 5*j**2 + 5*j. Let b be 0/(-3*4/6). Let p be (b/1)/(4 + -3). Suppose p = 5*i - 2*h - 31 + 5, -2*h - 6 = 0. Calculate d(i).
4
Let i(t) be the third derivative of 3*t**2 + 1/6*t**3 + 0*t + 0 + 1/6*t**4. Determine i(1).
5
Suppose 0 = -2*x + x + 3. Let d(b) be the first derivative of -b**3/2 + 2*b**2 - 2*b + 1. Let m(y) be the first derivative of d(y). What is m(x)?
-5
Let u(l) be the third derivative of -l**4/24 + l**3/3 + 25*l**2. What is u(-5)?
7
Let p(w) = -w**2 + 7*w - 6. Let z be (-3)/(-4)*4 + 0. Let r be z - ((-20)/4 + 2). Determine p(r).
0
Let j(i) = i**2 - 5*i + 6. Let u be j(4). Let s(h) = h**3 - h**2 - 2. Let n be s(u). Let k(m) = -1 - m**2 + 1 - m**3 - 3*m + 1 - 3*m**n. Calculate k(-3).
1
Let j(i) be the third derivative of -7/120*i**6 + 0 + 0*i + 0*i**3 + 0*i**5 + 1/24*i**4 - i**2. What is j(-1)?
6
Suppose -b - 3*b - 4 = 0. Let u(t) be the first derivative of -7*t**6/360 - t**5/120 - t**3/3 + 2. Let x(j) be the third derivative of u(j). Determine x(b).
-6
Let i = 0 + 4. Let t(d) be the third derivative of d**6/360 - d**5/24 + d**4/12 - d**3/2 + 2*d**2. Let n(r) be the first derivative of t(r). Determine n(i).
-2
Suppose -i + 4*i = 0. Let x(u) be the first derivative of 1/2*u**2 + 6 - 1/3*u**3 + 1/4*u**4 + 3*u. Determine x(i).
3
Suppose v = -3*t + 14, -3*v - 5*t + 20 + 10 = 0. Let y(l) = -l**3 + 6*l**2 - 5*l - 3. Calculate y(v).
-3
Let j(g) = -g + 3. Suppose -6*y + 4*y - 8 = -3*r, -5*r + 3*y + 12 = 0. Give j(r).
3
Suppose -4*z + 1 = -3. Let c(q) = 9*q**2 + 5*q + 2. Let u(k) = 28*k**2 + 14*k + 5. Let y(x) = -8*c(x) + 3*u(x). Calculate y(z).
13
Let h be (1 - -5) + (-16)/8. Suppose 0 = -3*v + 2*v + h. Let b(n) = -2*n - n + v*n - 4. Give b(5).
1
Let v(p) = 4*p**2 + p. Let q be v(-1). Suppose -a = -2*a + 1, 17 = 2*j + q*a. Suppose 1 = -4*o - j. Let s(d) = -d. Determine s(o).
2
Let n(h) = 3*h + 1. Let p(a) = -2*a - 1. Let v(r) = -3*n(r) - 5*p(r). Give v(-8).
-6
Let v(u) = u**2 + 1. Let s = -35 + 33. Determine v(s).
5
Let m be 6/2 + 1 - 1. Let c(h) = 2*h**3 - 3*h**m + 4 - 4 - 3 + h**2 + 4*h. What is c(2)?
1
Let f(i) = -23*i + 2 + 10*i + 10*i + 0*i. Suppose -4*c = 3*l + l - 36, -4*c + 5*l = 9. What is f(c)?
-10
Let s(c) be the first derivative of -2*c**3/3 - 3*c**2/2 - 2*c - 32. Let i be 2/(-8) - (-7)/(-4). Give s(i).
-4
Suppose -6*x - 5 = -2*x - f, -2*f + 10 = -3*x. Suppose 0 = -2*r + 5*w - x*w + 41, 5*w + 33 = r. Let v(u) = u - 3. Determine v(r).
5
Let r(f) = -3*f + 4. Let b(p) = -2*p + 4. Let m(o) = -4*b(o) + 3*r(o). Let y = -6 - -3. Let j be m(y). Let q(c) = 2*c + 1. Determine q(j).
-1
Let a be (-3*4/(-6))/(-2). Let o be (-1)/a - (-4)/(-1). Let s be o/9 - 19/(-3). Let x(r) = -r**2 + 7*r - 1. Give x(s).
5
Suppose -4 = 2*o - 2. Let p(f) = -4*f - 5. Let r = 6 - -1. Let d(h) = 2*h + 3. Let x(g) = r*d(g) + 4*p(g). Calculate x(o).
3
Suppose 12 = -0*m + 4*m. Suppose -m*x - 5 = -20, 4*i + 4*x + 20 = 0. Let j = -7 - i. Let a(w) = 2*w - 4. Calculate a(j).
2
Let g be (1 + 3)*30/24. Let z(f) = -1 - g*f**2 - 2 + 4 + f**3. Suppose -4*j - 4 = 0, w + 0*j - 4*j - 9 = 0. Give z(w).
1
Suppose -4*o + 0*o = -4. Let f(x) = 5*x - x**3 + 7 - 4 - o - 2*x**2. Give f(-3).
-4
Let p(q) = -3*q**2 + 4*q + 3. Let r(m) = 4*m**2 - 3*m - 2. Let x(u) = -5*p(u) - 4*r(u). Let k be x(-6). Let j(n) = -n**3 + 6*n**2 - 5*n + 6. Calculate j(k).
6
Suppose 0 = 2*k - 0*k. Let g(x) be the third derivative of -x**6/720 + x**5/120 - x**4/24 - 3*x**2. Let h(q) be the second derivative of g(q). Calculate h(k).
1
Let h(y) = -2*y - 1. Let l be h(-4). Suppose -2*m - s = -l + 3, -5*m = -s - 3. Let f(k) = -4*k**2 + m + 3*k**2 - 4*k + k. Give f(-5).
-9
Let h(b) = -4*b. Let m(n) = -3*n. Let u(d) = -5*h(d) + 6*m(d). Give u(-1).
-2
Let i(g) = -6*g - 2*g**2 - 4 - g - 1 + 3*g**2. What is i(8)?
3
Let r = 192 + -190. Let n(p) = p**3 - p - 1. What is n(r)?
5
Let x(g) = -2*g - 6 - 4*g + 0*g**2 - 3*g**2 + 2*g**2. Calculate x(-6).
-6
Suppose -3*y = -5*w + 6, -6 = -w - 0*w + 3*y. Let m(d) = -d**2 - d - 4. Calculate m(w).
-4
Let c be 6/4*(-26)/(-39). Let s(f) = -11*f - 1. Determine s(c).
-12
Let x(b) = b + 11. Let q be ((-1)/3)/((-1)/9). Suppose -q*r - 17 = 1. Give x(r).
5
Let y(u) be the third derivative of -u**5/60 - u**4/4 + u**3/2 - u**2. Suppose 25 = 5*a - 2*l - 6, 2*l + 24 = 4*a. Let v be 2 + (1 - 2) - a. Determine y(v).
3
Let x(d) = -d**3 + 5*d**2 - 2*d - 4. Let c(y) = -y**3 - 3*y**2 + 4*y + 4. Let p be c(-4). Let q = -1 + p. Calculate x(q).
8
Let j(r) be the first derivative of -r**3/3 - 3*r**2 + 5*r + 2. Suppose 7*v - v + 36 = 0. What is j(v)?
5
Let w be -3 + (-4)/(0 + -2). Let n(f) = -7*f**2 - f - 1. Give n(w).
-7
Let g(a) = a**2 - 5*a - 1. Suppose 0 = n + 3*n - 52. Suppose -u = -3*r - 11, u = 4*r - 0*r + n. What is g(u)?
-1
Let i(a) = a**3 - 5*a**2 - 3*a + 5. Let c = -39 + 44. Give i(c).
-10
Suppose -10 = 5*v - 6*i + i, -v - 4*i = -8. Suppose v = 4*s - 7*s. Let c(h) = 6 + h**3 - 2*h**3 + 0*h**3 - h. What is c(s)?
6
Let z(t) = -5 + t**3 - 2*t**2 + 9 + 40*t + t**2 - 39*t. Determine z(0).
4
Suppose -4*d + 4 = -5*a + 13, 2*d + 2 = 0. Let r(i) = -8*i**2 + 1. Give r(a).
-7
Let j(p) be the third derivative of p**6/120 + p**5/20 - p**3/6 + p**2. Suppose 0 = d - 3*d - 4. Determine j(d).
3
Let r(g) = -g - 7. Let n be r(-5). Let i(b) = b + 5. Let t(k) = -7*k + 3*k - 6 + 2*k. Let o(w) = -5*i(w) - 4*t(w). Determine o(n).
-7
Suppose 7 = 4*j + 5*a, 2*a = -8*j + 3*j + 13. Let c(r) = 6*r - 1. Give c(j).
17
Let o(z) = 2*z**2 - 2*z - 2. Let v(i) = -i**2 + i + 1. Let l(u) = 3*o(u) + 5*v(u). Suppose 0 = -5*k - 0*k. Calculate l(k).
-1
Let a(w) = -3*w**2 - 339 + 341 + 7*w**2. Give a(2).
18
Let x(g) = g**3 + g**2 + g - 1. Let b(i) = -4*i**3 - 9*i**2. Let r(u) = b(u) + 3*x(u). Give r(-6).
-21
Let y be (2 - 4) + (1 - -1). Suppose y = v + 4*v + 20. Let u(c) = -2*c + 1. Determine u(v).
9
Let y(v) = v**3 - 3*v**2 + 2*v - 3. Let o = -10 - -9. Let j = 4 + o. Give y(j).
3
Let q(i) = -i - 7. Let x be q(-12). Let w(g) = -g**2 + 4*g + 6. What is w(x)?
1
Let q = 1 - 0. Let j(x) = -3 + 1 + 3*x - 4*x + q. What is j(4)?
-5
Let b(z) = 5*z**3 + 6*z**2 - 7*z - 8. Let m(k) = 14*k**3 + 18*k**2 - 20*k - 24. Let i(y) = -11*b(y) + 4*m(y). Determine i(-6).
10
Let w = 32 + -16. Let h = 14 - w. Let r(j) = 3*j. Give r(h).
-6
Let u(s) = -s**2 + 3*s**2 - 2 - 1 + 4. Calculate u(-3).
19
Let y(w) = 3 + 4 - 2 + 7*w**2 + 8*w + w**3 - 2*w + 2*w. Let n(o) = -o**2 + 4*o - 1. Let i be n(5). What is y(i)?
-7
Let j = -49 - -70. Suppose -29 = 2*r - 0*r - 5*h, 2*r + 5*h - j = 0. Let y(z) = z**3 + 2*z**2 + 2*z - 1. What is y(r)?
-5
Let s(d) = -4*d + 14. Let j be s(4). Let c(i) = i**2 - i - 1. Determine c(j).
5
Let j(n) be the third derivative of 0*n**5 + 0*n - 1/360*n**6 - 2*n**2 + 0 - 1/24*n**4 - 1/6*n**3. Let q(o) be the first derivative of j(o). Calculate q(-2).
-5
Let s(d) = -d**2 - d - 6. Let q(n) = 1. Let l(o) = 6*q(o) + s(o). Give l(-2).
-2
Let m(d) = 14*d**2 + 7*d + 12. Let a(i) = 5*i**2 + 2*i + 4. Let y(h) = 11*a(h) - 4*m(h). Suppose -12 = 3*k - 0. What is y(k)?
4
Let t(j) be the third derivative of -j**6/120 + j**5/15 - j**4/24 + j**3/6 + 2*j**2. What is t(4)?
-3
Let s(d) be the third derivative of 0 + 1/12*d**4 + 1/120*d**6 - 3/2*d**3 - 7/60*d**5 + d**2 + 0*d. Determine s(7).
5
Let n(o) = -4*o - 1. Suppose -2*b - 8 = 2*b. Let p = -4 + b. Let t be (-4)/p*(-6)/(-4). Calculate n(t).
-5
Let g(j) be the first derivative of j**2/2 + j - 9. Give g(-6).
-5
Let x(s) = s**2 - 2*s - 1. Let r(a) = -4*a**2 + 8*a + 3. Let m(y) = -2*r(y) - 9*x(y). Give m(3).
0
Let g(r) = -r**3 + 5*r**2 - 4*r + 4. Let v be (-30)/9*6/(-4). Suppose 3*d - 17 = m, 7*d - 3*d + v*m - 10 = 0. Give g(d).
-16
Suppose 5*g = 4*g. Let b = -1 + g. Let v(s) be the third derivative of -7*s**5/60 - s**2. What is v(b)?
-7
Let w = -9 - -11. Let c(p) = p**3 - w*p**3 - p**2 + 0*p**3 + 3 + p. Calculate c(0).
3
Let a(w) = -w - 7. Let l(y) = 3*y + 20. Let j(d) = -8*a(d) - 3*l(d). Let o be 42/(-8) + (-1)/(-4). Determine j(o).
1
Let v(h) = 3*h**2 - h + 1. Let u be v(1). Let j(c) = -u - c + 0*c + 1 - c**2. What is j(0)?
-2
Let o(b) be the second derivative of b**3/6 - 4*b. Calculate o(2).
2
Le